 w = l - 2877. Is w a prime number?
False
Let x(s) = s**2 + 5*s - 2. Let t be x(-6). Suppose 10 = -2*w + t*w, -3*w - 13225 = -4*f. Suppose 12*b - f = 10*b. Is b prime?
False
Let w be (-3)/(-6) + 91/(-14). Let s = w - -8. Suppose -5*t - s*d = -59, -d + 1 = 4. Is t prime?
True
Let o(k) = k**3 + 15*k**2 - 18*k + 35. Suppose 0 = -2*j + y - 31, -5*j + 9*y - 79 = 8*y. Is o(j) a prime number?
True
Let a(n) = 9*n**2 - 22*n - 5. Let p be a(12). Let k = p + 60. Is k composite?
False
Let t be (-24)/72 + (-7)/(-3) + 0. Suppose -374 - 288 = -t*l. Let d = 232 + l. Is d prime?
True
Let l(m) = 5*m - 3. Let x be l(2). Let i be -2*x*(-2)/4. Let p(b) = 365*b + 36. Is p(i) prime?
True
Is 276/(-184) + 1 + 7365068/8 prime?
False
Let j be -2*(-1)/((-2)/(-321)). Let w be -130*((-6)/1 - -7). Let y = j + w. Is y prime?
True
Suppose 0 = s - 5*n - 19, 3*s + 3*n + 2*n = 97. Suppose -s*i = 9*i - 393338. Is i composite?
True
Let d(s) = 7*s - 45. Let p be d(7). Is (2870/p - -1)/((-20)/(-40)) a prime number?
False
Let o(n) = -8*n**3 - 2*n**2 + n - 1. Let a be o(1). Let b(t) = 65*t**2 + 8*t + 14. Is b(a) prime?
False
Let r = -15188 - -40671. Is r a prime number?
False
Let d = 83 + -81. Let k(n) = 4 - 10 + 6*n**2 - 2*n**d - 5*n - 6*n. Is k(-5) a composite number?
False
Suppose -q = 5*l + 14, 0*l - 54 = -4*q + 2*l. Let y(u) be the second derivative of u**5/20 - 5*u**4/12 + 4*u**3/3 + 25*u**2/2 - u. Is y(q) a prime number?
True
Suppose -13*k - 6177 = -35414. Is k prime?
False
Let i(w) = 5675*w - 1678. Is i(21) a composite number?
False
Suppose 7*c - 55941 = 2*c - 2*q, 2*c = 2*q + 22382. Suppose -5*n + c = 2044. Is n prime?
False
Let j(p) be the third derivative of -1/3*p**3 + 0 + 0*p + 1307/60*p**5 - 1/24*p**4 - 23*p**2. Is j(-1) composite?
True
Let s(o) = -3*o + 7 + 5*o + 7. Let b be s(-7). Suppose -d + 67 + 102 = b. Is d a composite number?
True
Suppose -46*m = -44*m - 160. Let z be (-16)/m - (-989)/(-5). Let s = z + 545. Is s a prime number?
True
Let i(c) = -17*c**2 + 5*c**2 + 2*c**2 - 2 + 8*c**2 - 5*c. Let a be i(-4). Is 12/28 - 4208/a a composite number?
True
Let t(w) = -w**3 + 5*w**2 + 9*w - 27. Let x be t(6). Let d be 4/((-16)/(-12)) + x. Is d/(-24) - 18729/(-12) a prime number?
False
Suppose 3*p = -2*h + h + 191, 0 = 3*p + 4*h - 179. Let k be (-1)/2*1 + p/(-26). Is (53/k)/(6/(-198)) a composite number?
True
Suppose -3*w = -5*d + 6 + 3, 3*w + 9 = -5*d. Suppose 0*g - 4*g = 4*m - 8108, d = 5*m. Is g composite?
False
Suppose 14*p - 111407 = 114*p - 1921507. Is p prime?
False
Let q be -3766 - (-5 - -5)*-1. Let t = 6869 + q. Is t composite?
True
Let x be (-11)/66 + 33259/6. Let p be (7 + -3 + 1)*1/5. Suppose -2*l = -3*b + x, -l = -2*l - p. Is b a prime number?
True
Suppose -5*d + 3 = -4*q - 4, 0 = 5*d + 4*q - 23. Suppose 0 = s - 5, -2*c - 286 = d*s + s. Let u = -70 - c. Is u a prime number?
True
Let d(g) = -g**3 - 10*g**2 - 17*g + 16. Let r be d(-7). Let u(f) = 60*f**2 - 40*f - 29. Is u(r) prime?
True
Let b(h) = 6*h**2 + 3*h - 4. Suppose 2*f + v - 2*v - 8 = 0, 3*f - 11 = v. Let g be 9/(-2) + 7/(-2) + f. Is b(g) prime?
True
Let s = 99429 + -69712. Is s a composite number?
False
Suppose -2*l + 5*k = -252012, -6*k - 123597 = 2*l - 375587. Is l a prime number?
True
Let v be 54/45 - (-12)/15. Suppose -w = -2*i + 35535, -13*i + 16*i - v*w - 53301 = 0. Is i prime?
False
Suppose -166*h + 41024143 = -133826811. Is h composite?
False
Let f(w) = 11021*w**3 + 3*w**2 - 12*w + 13. Is f(2) composite?
False
Suppose 0 = 812*l - 816*l - 8. Is ((-78407)/28 + 1)*l*2 a prime number?
True
Let x = 1955765 - 1334526. Is x composite?
False
Let p(q) = 182*q**2 - 13*q + 52. Suppose -4*n + 6*n = 14. Is p(n) a composite number?
True
Suppose 5*l = -2*c + l, 4*l - 4 = -4*c. Suppose 0*s - 8*s = -27496. Suppose 0 = c*f - 6*f + 2*n + 6866, 3*n = -2*f + s. Is f prime?
False
Let v be ((-3)/24*-14254)/((-15)/(-900)). Suppose v = 49*a + 10228. Is a prime?
True
Let u(f) = -6*f**3 - 34*f**2 - 56*f - 537. Is u(-28) prime?
True
Suppose 65108 = 4*j + 2*v, 13*v = 8*v. Is (-1 - 2*-2)/(123/j) prime?
True
Suppose 4*a + 2*l = 1040, 5*a - 2*l + 5*l = 1301. Suppose 2*r - 3900 = 7*r. Let y = a - r. Is y composite?
False
Suppose 588 = -25*a + 11*a. Is 3/(-5) - a/(-30) - -24429 a composite number?
True
Let f(w) = w**3 - 2*w**2 + 2*w. Let v(c) = c**3 + 19*c**2 + 46*c - 55. Let i(m) = 2*f(m) - v(m). Is i(26) a prime number?
True
Let l = -361 - -366. Suppose -54054 = -l*a + i, 5*a + i - 54056 = -0*a. Is a a composite number?
True
Let t be (-12)/(-84) + 5024738/14. Is t/130 + (-6)/(-39) composite?
True
Let x = 3409478 + -795417. Is x composite?
False
Let a(m) = -370*m - 3501. Is a(-59) composite?
False
Let z(o) = -91*o**3 + 9*o**2 + 72*o - 19. Is z(-6) composite?
True
Let s(u) = 9*u**2 + 41*u + 93. Let p be s(-42). Suppose 0 = 2*n + 5*i - p, 3*n - 5*i + i = 21359. Is n prime?
True
Suppose -352*i + 5*j = -348*i - 708813, -3*j = -5*i + 886000. Is i a composite number?
True
Let x(g) = -1125*g - 21. Let w(v) = 2*v + 1. Let l(b) = -4*w(b) - x(b). Is l(2) a composite number?
False
Is (4/(-6))/(6/66 - (-1949798)/(-21447294)) prime?
False
Suppose 185*x - 102*x - 100*x + 4149071 = 0. Is x prime?
False
Let i(h) = h**2 - 12*h + 68. Let r be i(21). Suppose 0 = r*x - 263*x + 4038. Is x prime?
True
Let o = -718330 + 1035821. Is o composite?
False
Is (175086/426)/(3/389) a prime number?
False
Suppose 75273 = -5*h + 226263. Suppose 5*p - 12418 = -3*l, -5*l = 5*p + 9488 - h. Suppose 4*g - 4158 = 5*s, 0*g - s = 4*g - l. Is g prime?
False
Let f = 242 - 252. Is (3 - (-6304)/f)/((-5)/25) composite?
False
Suppose 0 = -4*v - 5*z - 11, 4*v - 3 = 3*z + 10. Is ((-19)/(-95))/(v/8105) a prime number?
True
Suppose -150*x = a - 145*x - 15809, -15825 = -a - x. Is a a composite number?
True
Suppose 39*m = 302352 + 518325. Is m a prime number?
False
Is (6/10)/((-31)/((-582249440)/32)) composite?
True
Suppose 0 = -h + z + 4 - 7, -3*h = 5*z - 7. Is -9 + (-113631)/(-28) + h/4 composite?
False
Let r(x) = -15*x + 4*x + 6*x - 2*x - 138. Is r(-23) composite?
False
Suppose -72*u - 2*u = 71*u - 61864105. Is u composite?
True
Suppose 176*h - 170*h + 274998 = 0. Let x = 66150 + h. Is x a composite number?
True
Suppose -3*r + 15 = -5*x + 37, 3*r + 2 = -5*x. Let i(l) = l + 2. Let u be i(-2). Suppose x = -o, 3*k + 3*o = -u*k + 1617. Is k composite?
False
Let p = 4 - -24. Suppose -3*w + p = 5*y - 5*w, -3*w + 4 = 4*y. Suppose -y*b = 5*q - 2*q - 11107, -4*q = -4*b - 14772. Is q a prime number?
True
Let m be (5 - 64/12)*(-12)/1. Let w(x) = 7*x**2 - m*x - 9*x**2 + 2*x**3 + 5*x**2 + 3. Is w(2) a composite number?
False
Suppose 0 = 9*k + 6449 - 61142. Suppose -k = -8*w + 3995. Is w a prime number?
True
Suppose -7*h = -17391 + 8558 - 28708. Is h a composite number?
True
Let z(u) = -229*u + 1405. Is z(-28) composite?
False
Let j(n) = -2*n**3 - 41*n**2 - 43*n - 47. Is j(-31) a composite number?
False
Is 58878/(-45)*35/(-14) prime?
True
Suppose 4*c = -2*v + 5654, 2*v + 2450 = 4*c - 3216. Suppose -2*m = -m - c. Is m prime?
False
Let x(d) = -22 - 739*d + 427*d + 376*d. Let b(l) = -2*l**3 - 3*l**2 - 4*l - 3. Let o be b(-2). Is x(o) a composite number?
True
Let x = -61 - -35. Let s = 25 + x. Is (s*22/(-4) + -2)*58 a prime number?
False
Let t(u) be the second derivative of u**4/12 + 11*u**2/2 + 2*u. Let r be t(-14). Is 3/(2/(-11) + r/957) a composite number?
True
Let q(t) = -146*t + 55 - 79 + 29 - 123 - 111. Is q(-30) composite?
True
Let l be (-1 + 8)*-1 + -7 + 10. Let n(z) = 2*z + 2. Let q be n(l). Let a(y) = -124*y + 25. Is a(q) a prime number?
True
Let y = 1608 + -14898. Let r = -8573 - y. Is r composite?
True
Let h = 77355 - 53908. Is h composite?
False
Is -9461*12/(-24)*2 a composite number?
False
Is (-1 + 5)*(5548992/480)/((-16)/(-10)) prime?
True
Let o(x) = 11*x + 119. Let c be o(-10). Suppose -c*p - 10196 = -5*w - 12*p, -3*w = -2*p - 6129. Is w a composite number?
True
Suppose 115*m + 92*m = 185*m + 6531998. Is m composite?
False
Suppose n - 76641 = -3*i + 51127, -5*i + 212907 = -4*n. Is i a prime number?
False
Suppose 2*q - 17736 = 5*o + 65671, 5*q - 208564 = -3*o. Is q a composite number?
True
Is (-7 + (-45)/(-5))*(-77361)/(-6) prime?
False
Let o be 0*(-1)/(-4) + -128. Let h = o - -128. Suppose 5*m - 3175 = -h*m. Is m composite?
True
Let h = 23 + -27. Suppose -3*m - 3 = -0*m. Is 7